19447
What are the prime factors of 10753908?
2, 3, 11, 257, 317
What are the prime factors of 649065?
3, 5, 43271
List the prime factors of 244906.
2, 122453
List the prime factors of 2894754.
2, 3, 53, 9103
List the prime factors of 151497.
3, 31, 181
What are the prime factors of 399891?
3, 17, 7841
List the prime factors of 844238.
2, 23, 18353
What are the prime factors of 56231?
7, 29, 277
List the prime factors of 4598342.
2, 7, 19, 59, 293
What are the prime factors of 188387?
31, 59, 103
What are the prime factors of 7482646?
2, 53, 73, 967
List the prime factors of 349056.
2, 3, 101
What are the prime factors of 826869?
3, 275623
What are the prime factors of 141923?
347, 409
What are the prime factors of 19496?
2, 2437
List the prime factors of 2602494.
2, 3, 144583
What are the prime factors of 78114?
2, 3, 47, 277
What are the prime factors of 645787?
645787
List the prime factors of 13143784.
2, 59, 27847
What are the prime factors of 24705221?
47, 97, 5419
List the prime factors of 15350345.
5, 61, 50329
List the prime factors of 2960525.
5, 79, 1499
List the prime factors of 895396.
2, 223849
List the prime factors of 297739.
13, 37, 619
What are the prime factors of 1199078?
2, 17, 35267
What are the prime factors of 461975?
5, 17, 1087
List the prime factors of 169279.
11, 1399
List the prime factors of 796468.
2, 83, 2399
List the prime factors of 2522.
2, 13, 97
List the prime factors of 5825721.
3, 11, 176537
What are the prime factors of 899792?
2, 56237
What are the prime factors of 237352?
2, 29669
What are the prime factors of 3396836?
2, 73, 11633
What are the prime factors of 1162438?
2, 31, 18749
What are the prime factors of 2465706?
2, 3, 19, 43, 503
List the prime factors of 179019.
3, 19891
List the prime factors of 10068140.
2, 5, 503407
List the prime factors of 46525.
5, 1861
What are the prime factors of 402271?
17, 23663
What are the prime factors of 8848791?
3, 7, 46819
List the prime factors of 148184.
2, 18523
List the prime factors of 5853668.
2, 31, 47207
List the prime factors of 257489.
257489
List the prime factors of 45396.
2, 3, 13, 97
List the prime factors of 484930.
2, 5, 71, 683
What are the prime factors of 30369187?
30369187
List the prime factors of 8814952.
2, 743, 1483
What are the prime factors of 6944100?
2, 3, 5, 79, 293
List the prime factors of 307073.
13, 23, 79
What are the prime factors of 1967230?
2, 5, 127, 1549
What are the prime factors of 112630?
2, 5, 7, 1609
What are the prime factors of 1113147?
3, 7, 17669
List the prime factors of 3204128.
2, 100129
List the prime factors of 2002101.
3, 667367
List the prime factors of 303584.
2, 53, 179
What are the prime factors of 34904033?
47, 131, 5669
List the prime factors of 3551386.
2, 233, 7621
List the prime factors of 4369527.
3, 17, 28559
What are the prime factors of 2362108?
2, 7, 29, 2909
What are the prime factors of 1742874?
2, 3, 7, 17, 2441
List the prime factors of 28206045.
3, 5, 7, 151, 593
List the prime factors of 300464.
2, 89, 211
List the prime factors of 186448.
2, 43, 271
List the prime factors of 1413410.
2, 5, 19, 43, 173
What are the prime factors of 2298238?
2, 223, 5153
List the prime factors of 19718268.
2, 3, 23, 71443
What are the prime factors of 187415?
5, 37483
What are the prime factors of 302711?
302711
List the prime factors of 13989327.
3, 11, 241, 1759
List the prime factors of 600980.
2, 5, 151, 199
What are the prime factors of 287772?
2, 3, 23981
What are the prime factors of 283042?
2, 137, 1033
List the prime factors of 27084150.
2, 3, 5, 139, 433
List the prime factors of 147462.
2, 3, 7, 3511
List the prime factors of 1673851.
29, 57719
What are the prime factors of 739300?
2, 5, 7393
List the prime factors of 2190934.
2, 23, 47629
What are the prime factors of 16692486?
2, 3, 2782081
List the prime factors of 5871051.
3, 652339
What are the prime factors of 3725346?
2, 3, 17, 36523
What are the prime factors of 177893?
177893
List the prime factors of 29784437.
29784437
List the prime factors of 394062.
2, 3, 65677
List the prime factors of 8838063.
3, 13, 75539
List the prime factors of 58130.
2, 5, 5813
What are the prime factors of 934372?
2, 191, 1223
List the prime factors of 4027170.
2, 3, 5, 7, 127, 151
What are the prime factors of 1684976?
2, 53, 1987
What are the prime factors of 29374678?
2, 1559, 9421
What are the prime factors of 2166365?
5, 283, 1531
What are the prime factors of 2575056?
2, 3, 11, 4877
What are the prime factors of 111954?
2, 3, 47, 397
What are the prime factors of 225395?
5, 61, 739
What are the prime factors of 758653?
7, 108379
List the prime factors of 584676.
2, 3, 109, 149
What are the prime factors of 1148234?
2, 383, 1499
What are the prime factors of 15935932?
2, 3983983
List the prime factors of 219357.
3, 24373
List the prime factors of 70730.
2, 5, 11, 643
What are the prime factors of 516730?
2, 5, 51673
List the prime factors of 461669.
13, 17, 2089
List the prime factors of 434529.
3, 48281
List the prime factors of 1578832.
2, 101, 977
What are the prime factors of 99642?
2, 3, 16607
What are the prime factors of 2665127?
71, 37537
List the prime factors of 699962.
2, 349981
List the prime factors of 19673952.
2, 3, 223, 919
List the prime factors of 123952.
2, 61, 127
What are the prime factors of 37550534?
2, 7, 29, 92489
What are the prime factors of 22550?
2, 5, 11, 41
List the prime factors of 308617.
19, 37, 439
List the prime factors of 1542440.
2, 5, 38561
What are the prime factors of 6247417?
11, 567947
What are the prime factors of 499213?
11, 13, 3491
List the prime factors of 1004095.
5, 409, 491
What are the prime factors of 185478?
2, 3, 19, 1627
List the prime factors of 4988759.
4988759
List the prime factors of 1407342.
2, 3, 163, 1439
What are the prime factors of 5175718?
2, 17, 191, 797
List the prime factors of 2682813.
3, 7, 43, 2971
What are the prime factors of 1013159?
7, 144737
What are the prime factors of 111713?
7, 15959
What are the prime factors of 5062540?
2, 5, 7, 36161
List the prime factors of 35885013.
3, 11961671
What are the prime factors of 16377301?
16377301
List the prime factors of 634505.
5, 19, 6679
What are the prime factors of 9561615?
3, 5, 7, 13009
List the prime factors of 1671022.
2, 835511
What are the prime factors of 13655174?
2, 13, 525199
List the prime factors of 991190.
2, 5, 99119
List the prime factors of 27874154.
2, 7, 11, 181001
List the prime factors of 205777.
11, 13, 1439
What are the prime factors of 13295314?
2, 6647657
What are the prime factors of 677260?
2, 5, 33863
What are the prime factors of 493013?
493013
What are the prime factors of 1382848?
2, 17, 31, 41
What are the prime factors of 97340?
2, 5, 31, 157
What are the prime factors of 3170251?
7, 23, 29, 97
List the prime factors of 27438.
2, 3, 17, 269
List the prime factors of 822629.
149, 5521
What are the prime factors of 217414?
2, 108707
What are the prime factors of 1474763?
31, 113, 421
List the prime factors of 286434.
2, 3, 15913
List the prime factors of 2694291.
3, 898097
What are the prime factors of 844515?
3, 5, 7, 383
What are the prime factors of 68906?
2, 131, 263
What are the prime factors of 151986?
2, 3, 73, 347
What are the prime factors of 95170?
2, 5, 31, 307
What are the prime factors of 646003?
646003
What are the prime factors of 3656570?
2, 5, 73, 5009
What are the prime factors of 14267165?
5, 11, 17, 15259
What are the prime factors of 6517259?
7, 127, 7331
List the prime factors of 149083.
11, 13553
List the prime factors of 2063836.
2, 23, 22433
What are the prime factors of 11538?
2, 3, 641
What are the prime factors of 90248?
2, 29, 389
What are the prime factors of 8504067?
3, 11, 13, 43, 461
What are the prime factors of 76210?
2, 5, 7621
List the prime factors of 1029523.
11, 173, 541
What are the prime factors of 17801279?
17801279
What are the prime factors of 6907760?
2, 5, 79, 1093
List the prime factors of 1651850.
2, 5, 33037
List the prime factors of 578447.
113, 5119
List the prime factors of 1841566.
2, 920783
List the prime factors of 13962383.
13962383
What are the prime factors of 48887?
19, 31, 83
What are the prime factors of 703347?
3, 97, 2417
What are 